{"id":9,"date":"2026-02-04T13:17:55","date_gmt":"2026-02-04T13:17:55","guid":{"rendered":"https:\/\/tradepark.com.br\/new\/?page_id=9"},"modified":"2026-02-20T17:54:23","modified_gmt":"2026-02-20T17:54:23","slug":"condominio-empresarial","status":"publish","type":"page","link":"https:\/\/tradepark.com.br\/new\/condominio-empresarial\/","title":{"rendered":"Condom\u00ednio Empresarial"},"content":{"rendered":"\t\t<div data-elementor-type=\"wp-post\" data-elementor-id=\"9\" class=\"elementor elementor-9\">\n\t\t\t\t<div class=\"elementor-element elementor-element-3e9c509e e-con-full e-flex wpr-particle-no wpr-jarallax-no wpr-parallax-no wpr-sticky-section-no e-con e-parent\" data-id=\"3e9c509e\" data-element_type=\"container\" data-e-type=\"container\">\n\t\t\t\t<div class=\"elementor-element elementor-element-2ece5996 elementor-widget elementor-widget-html\" data-id=\"2ece5996\" data-element_type=\"widget\" data-e-type=\"widget\" data-widget_type=\"html.default\">\n\t\t\t\t\t<style type=\"text\/css\">\r\n html {\r\n  scroll-behavior: smooth;\r\n}\r\n\r\n\/* ============================= *\/\r\n\/* SE\u00c7\u00c3O PARALLAX *\/\r\n\/* ============================= *\/\r\n\r\n.parallax-section {\r\n  position: relative;\r\n  min-height: 70vh;\r\n  overflow: hidden;\r\n  display: flex;\r\n  align-items: center;\r\n  justify-content: center;\r\n  color: white;\r\n}\r\n\r\n\/* IMAGEM DE FUNDO *\/\r\n.parallax-bg {\r\n  position: absolute;\r\n  inset: 0;\r\n  background-image: url('https:\/\/tradepark.com.br\/new\/wp-content\/uploads\/2026\/02\/DJI_0492-28.webp');\r\n  background-size: cover;\r\n  background-position: center;\r\n  transform: translateY(0) scale(1.05);\r\n  will-change: transform;\r\n  z-index: -2;\r\n  transition: transform 0.2s linear;\r\n}\r\n\r\n\/* OVERLAY GRADIENTE *\/\r\n.parallax-section::after {\r\n  content: \"\";\r\n  position: absolute;\r\n  inset: 0;\r\n  background: linear-gradient(\r\n    to bottom,\r\n    rgba(0,0,0,0.6),\r\n    rgba(0,0,0,0.3)\r\n  );\r\n  z-index: -1;\r\n}\r\n\r\n\/* CONTE\u00daDO *\/\r\n.content {\r\n  max-width: 800px;\r\n  padding: 60px;\r\n  text-align: center;\r\n\r\n  opacity: 0;\r\n  transform: translateY(50px);\r\n  transition: all 1s ease;\r\n}\r\n\r\n.content.visible {\r\n  opacity: 1;\r\n  transform: translateY(0);\r\n}\r\n\r\n.content h1 {\r\n  font-size: 3rem;\r\n  margin-bottom: 20px;\r\n}\r\n\r\n.content p {\r\n  font-size: 1.2rem;\r\n}\r\n\r\n\/* SE\u00c7\u00c3O NORMAL ABAIXO *\/\r\n.normal-section {\r\n  padding: 120px 20px;\r\n  background: #f4f4f4;\r\n  text-align: center;\r\n}\r\n    \r\n<\/style>\r\n\r\n\r\n<section class=\"parallax-section\">\r\n  <div class=\"parallax-bg\"><\/div>\r\n\r\n  <div class=\"content\">\r\n    <h1>O endere\u00e7o estrat\u00e9gico para empresas que querem crescer em Santa Catarina.<\/h1>\r\n    <p>\r\n      Infraestrutura completa, localiza\u00e7\u00e3o privilegiada na BR-101 e estrutura preparada para opera\u00e7\u00f5es log\u00edsticas, industriais e corporativas.\r\n    <\/p>\r\n  <\/div>\r\n<\/section>\r\n\r\n\r\n<script>\r\n\/* ============================= *\/\r\n\/* PARALLAX SUAVE *\/\r\n\/* ============================= *\/\r\n\r\nconst parallaxBg = document.querySelector('.parallax-bg');\r\n\r\nwindow.addEventListener('scroll', () => {\r\n  let scrollPosition = window.pageYOffset;\r\n\r\n  \/\/ Movimento vertical suave\r\n  parallaxBg.style.transform =\r\n    `translateY(${scrollPosition * 0.3}px) scale(1.05)`;\r\n});\r\n\r\n\/* ============================= *\/\r\n\/* FADE IN AO ENTRAR NA VIEWPORT *\/\r\n\/* ============================= *\/\r\n\r\nconst content = document.querySelector('.content');\r\n\r\nconst observer = new IntersectionObserver((entries) => {\r\n  entries.forEach(entry => {\r\n    if (entry.isIntersecting) {\r\n      content.classList.add('visible');\r\n    }\r\n  });\r\n}, {\r\n  threshold: 0.3\r\n});\r\n\r\nobserver.observe(content);\r\n\r\n<\/script>\t\t\t\t<\/div>\n\t\t\t\t<\/div>\n\t\t<div class=\"elementor-element elementor-element-4a1a046 e-flex e-con-boxed wpr-particle-no wpr-jarallax-no wpr-parallax-no wpr-sticky-section-no e-con e-parent\" data-id=\"4a1a046\" data-element_type=\"container\" data-e-type=\"container\">\n\t\t\t\t\t<div class=\"e-con-inner\">\n\t\t<div class=\"elementor-element elementor-element-0f49e48 e-con-full e-flex wpr-particle-no wpr-jarallax-no wpr-parallax-no wpr-sticky-section-no e-con e-child\" data-id=\"0f49e48\" data-element_type=\"container\" data-e-type=\"container\">\n\t\t\t\t<div class=\"elementor-element elementor-element-cd2f279 elementor-widget elementor-widget-text-editor\" data-id=\"cd2f279\" data-element_type=\"widget\" data-e-type=\"widget\" data-widget_type=\"text-editor.default\">\n\t\t\t\t\t\t\t\t\tUm condom\u00ednio empresarial planejado para performance.\t\t\t\t\t\t\t\t<\/div>\n\t\t\t\t<div class=\"elementor-element elementor-element-6355e9c elementor-widget elementor-widget-text-editor\" data-id=\"6355e9c\" data-element_type=\"widget\" data-e-type=\"widget\" data-widget_type=\"text-editor.default\">\n\t\t\t\t\t\t\t\t\tO Tradepark foi desenvolvido para oferecer efici\u00eancia operacional, seguran\u00e7a 24h e infraestrutura moderna, permitindo que sua empresa opere com mais previsibilidade, agilidade e seguran\u00e7a.\t\t\t\t\t\t\t\t<\/div>\n\t\t\t\t<\/div>\n\t\t<div class=\"elementor-element elementor-element-eca00d2 e-con-full e-flex wpr-particle-no wpr-jarallax-no wpr-parallax-no wpr-sticky-section-no e-con e-child\" data-id=\"eca00d2\" data-element_type=\"container\" data-e-type=\"container\">\n\t\t\t\t<div class=\"elementor-element elementor-element-362885d elementor-absolute animated-fast elementor-invisible elementor-widget elementor-widget-image\" data-id=\"362885d\" data-element_type=\"widget\" data-e-type=\"widget\" data-settings=\"{&quot;_position&quot;:&quot;absolute&quot;,&quot;_animation&quot;:&quot;fadeInUp&quot;,&quot;_animation_delay&quot;:500}\" data-widget_type=\"image.default\">\n\t\t\t\t\t\t\t\t\t\t\t\t\t\t\t<img fetchpriority=\"high\" decoding=\"async\" width=\"2400\" height=\"1600\" src=\"https:\/\/tradepark.com.br\/new\/wp-content\/uploads\/2026\/02\/KAD00925-4.webp\" class=\"attachment-full size-full wp-image-255\" alt=\"\" srcset=\"https:\/\/tradepark.com.br\/new\/wp-content\/uploads\/2026\/02\/KAD00925-4.webp 2400w, https:\/\/tradepark.com.br\/new\/wp-content\/uploads\/2026\/02\/KAD00925-4-300x200.webp 300w, https:\/\/tradepark.com.br\/new\/wp-content\/uploads\/2026\/02\/KAD00925-4-1024x683.webp 1024w, https:\/\/tradepark.com.br\/new\/wp-content\/uploads\/2026\/02\/KAD00925-4-768x512.webp 768w, https:\/\/tradepark.com.br\/new\/wp-content\/uploads\/2026\/02\/KAD00925-4-1536x1024.webp 1536w, https:\/\/tradepark.com.br\/new\/wp-content\/uploads\/2026\/02\/KAD00925-4-2048x1365.webp 2048w\" sizes=\"(max-width: 2400px) 100vw, 2400px\" \/>\t\t\t\t\t\t\t\t\t\t\t\t\t\t\t<\/div>\n\t\t\t\t<div class=\"elementor-element elementor-element-82754c0 animated-fast elementor-invisible elementor-widget elementor-widget-image\" data-id=\"82754c0\" data-element_type=\"widget\" data-e-type=\"widget\" data-settings=\"{&quot;_animation&quot;:&quot;fadeInUp&quot;}\" data-widget_type=\"image.default\">\n\t\t\t\t\t\t\t\t\t\t\t\t\t\t\t<img decoding=\"async\" width=\"2400\" height=\"1600\" src=\"https:\/\/tradepark.com.br\/new\/wp-content\/uploads\/2026\/02\/KAD00927-5.webp\" class=\"attachment-full size-full wp-image-256\" alt=\"\" srcset=\"https:\/\/tradepark.com.br\/new\/wp-content\/uploads\/2026\/02\/KAD00927-5.webp 2400w, https:\/\/tradepark.com.br\/new\/wp-content\/uploads\/2026\/02\/KAD00927-5-300x200.webp 300w, https:\/\/tradepark.com.br\/new\/wp-content\/uploads\/2026\/02\/KAD00927-5-1024x683.webp 1024w, https:\/\/tradepark.com.br\/new\/wp-content\/uploads\/2026\/02\/KAD00927-5-768x512.webp 768w, https:\/\/tradepark.com.br\/new\/wp-content\/uploads\/2026\/02\/KAD00927-5-1536x1024.webp 1536w, https:\/\/tradepark.com.br\/new\/wp-content\/uploads\/2026\/02\/KAD00927-5-2048x1365.webp 2048w\" sizes=\"(max-width: 2400px) 100vw, 2400px\" \/>\t\t\t\t\t\t\t\t\t\t\t\t\t\t\t<\/div>\n\t\t\t\t<\/div>\n\t\t\t\t\t<\/div>\n\t\t\t\t<\/div>\n\t\t<div class=\"elementor-element elementor-element-5223577 e-flex e-con-boxed wpr-particle-no wpr-jarallax-no wpr-parallax-no wpr-sticky-section-no e-con e-parent\" data-id=\"5223577\" data-element_type=\"container\" data-e-type=\"container\" data-settings=\"{&quot;background_background&quot;:&quot;classic&quot;}\">\n\t\t\t\t\t<div class=\"e-con-inner\">\n\t\t<div class=\"elementor-element elementor-element-ce2c9dc e-con-full e-flex wpr-particle-no wpr-jarallax-no wpr-parallax-no wpr-sticky-section-no e-con e-child\" data-id=\"ce2c9dc\" data-element_type=\"container\" data-e-type=\"container\">\n\t\t\t\t<div class=\"elementor-element elementor-element-b040e22 elementor-invisible elementor-widget elementor-widget-image\" data-id=\"b040e22\" data-element_type=\"widget\" data-e-type=\"widget\" data-settings=\"{&quot;_animation&quot;:&quot;fadeInLeft&quot;}\" data-widget_type=\"image.default\">\n\t\t\t\t\t\t\t\t\t\t\t\t\t\t\t<img decoding=\"async\" width=\"1782\" height=\"2105\" src=\"https:\/\/tradepark.com.br\/new\/wp-content\/uploads\/2026\/02\/DJI_0492-28_2.webp\" class=\"attachment-full size-full wp-image-260\" alt=\"\" srcset=\"https:\/\/tradepark.com.br\/new\/wp-content\/uploads\/2026\/02\/DJI_0492-28_2.webp 1782w, https:\/\/tradepark.com.br\/new\/wp-content\/uploads\/2026\/02\/DJI_0492-28_2-254x300.webp 254w, https:\/\/tradepark.com.br\/new\/wp-content\/uploads\/2026\/02\/DJI_0492-28_2-867x1024.webp 867w, https:\/\/tradepark.com.br\/new\/wp-content\/uploads\/2026\/02\/DJI_0492-28_2-768x907.webp 768w, https:\/\/tradepark.com.br\/new\/wp-content\/uploads\/2026\/02\/DJI_0492-28_2-1300x1536.webp 1300w, https:\/\/tradepark.com.br\/new\/wp-content\/uploads\/2026\/02\/DJI_0492-28_2-1734x2048.webp 1734w\" sizes=\"(max-width: 1782px) 100vw, 1782px\" \/>\t\t\t\t\t\t\t\t\t\t\t\t\t\t\t<\/div>\n\t\t\t\t<\/div>\n\t\t<div class=\"elementor-element elementor-element-8c3f722 e-con-full e-flex wpr-particle-no wpr-jarallax-no wpr-parallax-no wpr-sticky-section-no e-con e-child\" data-id=\"8c3f722\" data-element_type=\"container\" data-e-type=\"container\">\n\t\t\t\t<div class=\"elementor-element elementor-element-bc39343 elementor-widget elementor-widget-text-editor\" data-id=\"bc39343\" data-element_type=\"widget\" data-e-type=\"widget\" data-widget_type=\"text-editor.default\">\n\t\t\t\t\t\t\t\t\tUm condom\u00ednio,\ndiversos motivos para seus\nneg\u00f3cios estarem aqui.\t\t\t\t\t\t\t\t<\/div>\n\t\t\t\t<div class=\"elementor-element elementor-element-39c52fa elementor-widget elementor-widget-text-editor\" data-id=\"39c52fa\" data-element_type=\"widget\" data-e-type=\"widget\" data-widget_type=\"text-editor.default\">\n\t\t\t\t\t\t\t\t\tQualidade e Tecnologia\t\t\t\t\t\t\t\t<\/div>\n\t\t\t\t<div class=\"elementor-element elementor-element-95b7348 elementor-widget elementor-widget-text-editor\" data-id=\"95b7348\" data-element_type=\"widget\" data-e-type=\"widget\" data-widget_type=\"text-editor.default\">\n\t\t\t\t\t\t\t\t\t<ul>\n<li>\u00c1rea livre de inunda\u00e7\u00e3o.<\/li>\n<li>Terreno com aproximadamente 150.000m\u00b2.<\/li>\n<li>\u00c1rea constru\u00edda de aproximadamente 84.000m\u00b2.<\/li>\n<li>Padr\u00e3o internacional de constru\u00e7\u00e3o civil.<\/li>\n<li>Infraestrutura avan\u00e7ada e completa: energia el\u00e9trica subterr\u00e2nea e abundante, al\u00e9m de geradores para eventuais interrup\u00e7\u00f5es de fornecimento.<\/li>\n<li>Telefonia e transmiss\u00e3o de dados com estrutura de cabeamento de fibra \u00f3tica, que garante a capacidade m\u00e1xima de telefonia fixa ou celular e internet.<\/li>\n<li>Ruas asfaltadas com estrutura preparada para receber tr\u00e1fego de ve\u00edculos pesados. \u00c1reas internas de estacionamento para ve\u00edculos leves e pesados, motocicletas e bicicletas.<\/li>\n<li>Servi\u00e7os de apoio: caixas banc\u00e1rios, restaurante, lanchonete e linhas de \u00f4nibus.<\/li>\n<li>Sustentabilidade: capta\u00e7\u00e3o e tratamento de \u00e1gua de fonte pr\u00f3pria, esta\u00e7\u00e3o de tratamento para esgoto, coleta de lixo seletiva, preserva\u00e7\u00e3o do meio ambiente com bosque de mais de 20.000m\u00b2.<\/li>\n<\/ul>\t\t\t\t\t\t\t\t<\/div>\n\t\t\t\t<\/div>\n\t\t\t\t\t<\/div>\n\t\t\t\t<\/div>\n\t\t<div class=\"elementor-element elementor-element-eb92794 e-flex e-con-boxed wpr-particle-no wpr-jarallax-no wpr-parallax-no wpr-sticky-section-no e-con e-parent\" data-id=\"eb92794\" data-element_type=\"container\" data-e-type=\"container\" data-settings=\"{&quot;background_background&quot;:&quot;classic&quot;}\">\n\t\t\t\t\t<div class=\"e-con-inner\">\n\t\t<div class=\"elementor-element elementor-element-242873f e-con-full e-flex wpr-particle-no wpr-jarallax-no wpr-parallax-no wpr-sticky-section-no e-con e-child\" data-id=\"242873f\" data-element_type=\"container\" data-e-type=\"container\">\n\t\t\t\t<div class=\"elementor-element elementor-element-c2a19bd elementor-widget elementor-widget-image\" data-id=\"c2a19bd\" data-element_type=\"widget\" data-e-type=\"widget\" data-widget_type=\"image.default\">\n\t\t\t\t\t\t\t\t\t\t\t\t\t\t\t<img loading=\"lazy\" decoding=\"async\" width=\"189\" height=\"270\" src=\"https:\/\/tradepark.com.br\/new\/wp-content\/uploads\/2026\/02\/ico-seguranca.svg\" class=\"attachment-full size-full wp-image-282\" alt=\"\" \/>\t\t\t\t\t\t\t\t\t\t\t\t\t\t\t<\/div>\n\t\t\t\t<div class=\"elementor-element elementor-element-21187ff elementor-widget elementor-widget-text-editor\" data-id=\"21187ff\" data-element_type=\"widget\" data-e-type=\"widget\" data-widget_type=\"text-editor.default\">\n\t\t\t\t\t\t\t\t\tQualidade\t\t\t\t\t\t\t\t<\/div>\n\t\t\t\t<\/div>\n\t\t<div class=\"elementor-element elementor-element-7b7654e e-con-full e-flex wpr-particle-no wpr-jarallax-no wpr-parallax-no wpr-sticky-section-no e-con e-child\" data-id=\"7b7654e\" data-element_type=\"container\" data-e-type=\"container\">\n\t\t\t\t<div class=\"elementor-element elementor-element-9c9d7bf elementor-widget elementor-widget-image\" data-id=\"9c9d7bf\" data-element_type=\"widget\" data-e-type=\"widget\" data-widget_type=\"image.default\">\n\t\t\t\t\t\t\t\t\t\t\t\t\t\t\t<img loading=\"lazy\" decoding=\"async\" width=\"417\" height=\"224\" src=\"https:\/\/tradepark.com.br\/new\/wp-content\/uploads\/2026\/02\/ico-camera.svg\" class=\"attachment-full size-full wp-image-283\" alt=\"\" \/>\t\t\t\t\t\t\t\t\t\t\t\t\t\t\t<\/div>\n\t\t\t\t<div class=\"elementor-element elementor-element-86083ea elementor-widget elementor-widget-text-editor\" data-id=\"86083ea\" data-element_type=\"widget\" data-e-type=\"widget\" data-widget_type=\"text-editor.default\">\n\t\t\t\t\t\t\t\t\tSeguran\u00e7a\t\t\t\t\t\t\t\t<\/div>\n\t\t\t\t<\/div>\n\t\t<div class=\"elementor-element elementor-element-6e0825c e-con-full e-flex wpr-particle-no wpr-jarallax-no wpr-parallax-no wpr-sticky-section-no e-con e-child\" data-id=\"6e0825c\" data-element_type=\"container\" data-e-type=\"container\">\n\t\t\t\t<div class=\"elementor-element elementor-element-cf6390b elementor-widget elementor-widget-image\" data-id=\"cf6390b\" data-element_type=\"widget\" data-e-type=\"widget\" data-widget_type=\"image.default\">\n\t\t\t\t\t\t\t\t\t\t\t\t\t\t\t<img loading=\"lazy\" decoding=\"async\" width=\"219\" height=\"219\" src=\"https:\/\/tradepark.com.br\/new\/wp-content\/uploads\/2026\/02\/ico-inundacao.svg\" class=\"attachment-full size-full wp-image-284\" alt=\"\" \/>\t\t\t\t\t\t\t\t\t\t\t\t\t\t\t<\/div>\n\t\t\t\t<div class=\"elementor-element elementor-element-2ffca9a elementor-widget elementor-widget-text-editor\" data-id=\"2ffca9a\" data-element_type=\"widget\" data-e-type=\"widget\" data-widget_type=\"text-editor.default\">\n\t\t\t\t\t\t\t\t\t\u00c1rea livre<br>de inunda\u00e7\u00e3o\t\t\t\t\t\t\t\t<\/div>\n\t\t\t\t<\/div>\n\t\t\t\t\t<\/div>\n\t\t\t\t<\/div>\n\t\t<div class=\"elementor-element elementor-element-2cde545 e-flex e-con-boxed wpr-particle-no wpr-jarallax-no wpr-parallax-no wpr-sticky-section-no e-con e-parent\" data-id=\"2cde545\" data-element_type=\"container\" data-e-type=\"container\">\n\t\t\t\t\t<div class=\"e-con-inner\">\n\t\t<div class=\"elementor-element elementor-element-386bd71 e-con-full e-flex wpr-particle-no wpr-jarallax-no wpr-parallax-no wpr-sticky-section-no e-con e-child\" data-id=\"386bd71\" data-element_type=\"container\" data-e-type=\"container\">\n\t\t\t\t<div class=\"elementor-element elementor-element-71e755b elementor-widget elementor-widget-text-editor\" data-id=\"71e755b\" data-element_type=\"widget\" data-e-type=\"widget\" data-widget_type=\"text-editor.default\">\n\t\t\t\t\t\t\t\t\tSeguran\u00e7a\t\t\t\t\t\t\t\t<\/div>\n\t\t\t\t<\/div>\n\t\t<div class=\"elementor-element elementor-element-5726495 e-con-full e-flex wpr-particle-no wpr-jarallax-no wpr-parallax-no wpr-sticky-section-no e-con e-child\" data-id=\"5726495\" data-element_type=\"container\" data-e-type=\"container\">\n\t\t\t\t<div class=\"elementor-element elementor-element-4f9bc27 elementor-absolute animated-fast elementor-invisible elementor-widget elementor-widget-image\" data-id=\"4f9bc27\" data-element_type=\"widget\" data-e-type=\"widget\" data-settings=\"{&quot;_position&quot;:&quot;absolute&quot;,&quot;_animation&quot;:&quot;fadeInUp&quot;,&quot;_animation_delay&quot;:500}\" data-widget_type=\"image.default\">\n\t\t\t\t\t\t\t\t\t\t\t\t\t\t\t<img loading=\"lazy\" decoding=\"async\" width=\"1182\" height=\"750\" src=\"https:\/\/tradepark.com.br\/new\/wp-content\/uploads\/2026\/02\/camera.webp\" class=\"attachment-full size-full wp-image-275\" alt=\"\" srcset=\"https:\/\/tradepark.com.br\/new\/wp-content\/uploads\/2026\/02\/camera.webp 1182w, https:\/\/tradepark.com.br\/new\/wp-content\/uploads\/2026\/02\/camera-300x190.webp 300w, https:\/\/tradepark.com.br\/new\/wp-content\/uploads\/2026\/02\/camera-1024x650.webp 1024w, https:\/\/tradepark.com.br\/new\/wp-content\/uploads\/2026\/02\/camera-768x487.webp 768w\" sizes=\"(max-width: 1182px) 100vw, 1182px\" \/>\t\t\t\t\t\t\t\t\t\t\t\t\t\t\t<\/div>\n\t\t\t\t<div class=\"elementor-element elementor-element-0864902 animated-fast elementor-invisible elementor-widget elementor-widget-image\" data-id=\"0864902\" data-element_type=\"widget\" data-e-type=\"widget\" data-settings=\"{&quot;_animation&quot;:&quot;fadeInUp&quot;}\" data-widget_type=\"image.default\">\n\t\t\t\t\t\t\t\t\t\t\t\t\t\t\t<img loading=\"lazy\" decoding=\"async\" width=\"1896\" height=\"1120\" src=\"https:\/\/tradepark.com.br\/new\/wp-content\/uploads\/2026\/02\/portaria.webp\" class=\"attachment-full size-full wp-image-274\" alt=\"\" srcset=\"https:\/\/tradepark.com.br\/new\/wp-content\/uploads\/2026\/02\/portaria.webp 1896w, https:\/\/tradepark.com.br\/new\/wp-content\/uploads\/2026\/02\/portaria-300x177.webp 300w, https:\/\/tradepark.com.br\/new\/wp-content\/uploads\/2026\/02\/portaria-1024x605.webp 1024w, https:\/\/tradepark.com.br\/new\/wp-content\/uploads\/2026\/02\/portaria-768x454.webp 768w, https:\/\/tradepark.com.br\/new\/wp-content\/uploads\/2026\/02\/portaria-1536x907.webp 1536w\" sizes=\"(max-width: 1896px) 100vw, 1896px\" \/>\t\t\t\t\t\t\t\t\t\t\t\t\t\t\t<\/div>\n\t\t\t\t<\/div>\n\t\t<div class=\"elementor-element elementor-element-7784ff5 e-con-full e-flex wpr-particle-no wpr-jarallax-no wpr-parallax-no wpr-sticky-section-no e-con e-child\" data-id=\"7784ff5\" data-element_type=\"container\" data-e-type=\"container\">\n\t\t\t\t<div class=\"elementor-element elementor-element-f97fe9d elementor-widget elementor-widget-text-editor\" data-id=\"f97fe9d\" data-element_type=\"widget\" data-e-type=\"widget\" data-widget_type=\"text-editor.default\">\n\t\t\t\t\t\t\t\t\t<ul>\n \t<li>Portaria de acesso com sistema de controle para entrada e sa\u00edda.<\/li>\n \t<li>Monitoramento 24h com c\u00e2meras, inclusive \u00e0 dist\u00e2ncia.<\/li>\n \t<li>Equipe de seguran\u00e7as e viaturas pr\u00f3prias.<\/li>\n \t<li>Preven\u00e7\u00e3o e combate a inc\u00eandio (equipe e equipamentos).<\/li>\n \t<li>Atendimento ambulatorial (procedimentos simples).<\/li>\n<\/ul>\t\t\t\t\t\t\t\t<\/div>\n\t\t\t\t<\/div>\n\t\t\t\t\t<\/div>\n\t\t\t\t<\/div>\n\t\t\t\t<\/div>\n\t\t","protected":false},"excerpt":{"rendered":"<p>O endere\u00e7o estrat\u00e9gico para empresas que querem crescer em Santa Catarina. Infraestrutura completa, localiza\u00e7\u00e3o privilegiada na BR-101 e estrutura preparada para opera\u00e7\u00f5es log\u00edsticas, industriais e corporativas. Um condom\u00ednio empresarial planejado para performance.O Tradepark foi desenvolvido para oferecer efici\u00eancia operacional, seguran\u00e7a 24h e infraestrutura moderna, permitindo que sua empresa opere com mais previsibilidade, agilidade e seguran\u00e7a. Um condom\u00ednio, diversos motivos para seus neg\u00f3cios estarem aqui.Qualidade e Tecnologia \u00c1rea livre de inunda\u00e7\u00e3o. Terreno com aproximadamente 150.000m\u00b2. \u00c1rea constru\u00edda de aproximadamente 84.000m\u00b2. Padr\u00e3o internacional de constru\u00e7\u00e3o civil. Infraestrutura avan\u00e7ada e completa: energia el\u00e9trica subterr\u00e2nea e abundante, al\u00e9m de geradores para eventuais interrup\u00e7\u00f5es de fornecimento. Telefonia e transmiss\u00e3o de dados com estrutura de cabeamento de fibra \u00f3tica, que garante a capacidade m\u00e1xima de telefonia fixa ou celular e internet. Ruas asfaltadas com estrutura preparada para receber tr\u00e1fego de ve\u00edculos pesados. \u00c1reas internas de estacionamento para ve\u00edculos leves e pesados, motocicletas e bicicletas. Servi\u00e7os de apoio: caixas banc\u00e1rios, restaurante, lanchonete e linhas de \u00f4nibus. Sustentabilidade: capta\u00e7\u00e3o e tratamento de \u00e1gua de fonte pr\u00f3pria, esta\u00e7\u00e3o de tratamento para esgoto, coleta de lixo seletiva, preserva\u00e7\u00e3o do meio ambiente com bosque de mais de 20.000m\u00b2. Qualidade Seguran\u00e7a \u00c1rea livrede inunda\u00e7\u00e3oSeguran\u00e7a Portaria de acesso com sistema de controle para entrada e sa\u00edda. Monitoramento 24h com c\u00e2meras, inclusive \u00e0 dist\u00e2ncia. Equipe de seguran\u00e7as e viaturas pr\u00f3prias. Preven\u00e7\u00e3o e combate a inc\u00eandio (equipe e equipamentos). Atendimento ambulatorial (procedimentos simples).<\/p>\n","protected":false},"author":1,"featured_media":0,"parent":0,"menu_order":1,"comment_status":"closed","ping_status":"closed","template":"","meta":{"footnotes":""},"class_list":["post-9","page","type-page","status-publish","hentry"],"_hostinger_reach_plugin_has_subscription_block":false,"_hostinger_reach_plugin_is_elementor":false,"_links":{"self":[{"href":"https:\/\/tradepark.com.br\/new\/wp-json\/wp\/v2\/pages\/9","targetHints":{"allow":["GET"]}}],"collection":[{"href":"https:\/\/tradepark.com.br\/new\/wp-json\/wp\/v2\/pages"}],"about":[{"href":"https:\/\/tradepark.com.br\/new\/wp-json\/wp\/v2\/types\/page"}],"author":[{"embeddable":true,"href":"https:\/\/tradepark.com.br\/new\/wp-json\/wp\/v2\/users\/1"}],"replies":[{"embeddable":true,"href":"https:\/\/tradepark.com.br\/new\/wp-json\/wp\/v2\/comments?post=9"}],"version-history":[{"count":83,"href":"https:\/\/tradepark.com.br\/new\/wp-json\/wp\/v2\/pages\/9\/revisions"}],"predecessor-version":[{"id":487,"href":"https:\/\/tradepark.com.br\/new\/wp-json\/wp\/v2\/pages\/9\/revisions\/487"}],"wp:attachment":[{"href":"https:\/\/tradepark.com.br\/new\/wp-json\/wp\/v2\/media?parent=9"}],"curies":[{"name":"wp","href":"https:\/\/api.w.org\/{rel}","templated":true}]}}